{"id":1018,"date":"2023-01-02T12:58:49","date_gmt":"2023-01-02T16:58:49","guid":{"rendered":"https:\/\/gadprcuyuja.gob.ec\/napo\/?page_id=1018"},"modified":"2024-07-12T16:16:27","modified_gmt":"2024-07-12T20:16:27","slug":"rendicion-de-cuentas-2023","status":"publish","type":"page","link":"https:\/\/gadprcuyuja.gob.ec\/napo\/rendicion-de-cuentas-2023\/","title":{"rendered":"Rendici\u00f3n de Cuentas 2023"},"content":{"rendered":"<p><strong>1.- DOCUMENTACION<\/strong><\/p>\n<p>PRESUPUESTO 2023<br \/>\nPOA 2023<br \/>\n<a href=\"https:\/\/gadprcuyuja.gob.ec\/napo\/wp-content\/uploads\/2024\/07\/PLAN-DE-TRABAJO.pdf\">PLAN DE TRABAJO<\/a><br \/>\n<a href=\"https:\/\/gadprcuyuja.gob.ec\/napo\/wp-content\/uploads\/2024\/07\/ACTUALIZACION-PDOT-CUYUJA-2019-2023.pdf\">ACTUALIZACI\u00d3N-PDOT-CUYUJA-2019-2023<\/a><\/p>\n<p><strong>2.- PROCESO DE RENDICION DE CUENTAS 2023<\/strong><\/p>\n<p>&#8211; Invitaci\u00f3n a la asamblea local a una reuni\u00f3n de trabajo<\/p>\n<p>&#8211; Delegaci\u00f3n de equipo t\u00e9cnico para la realizaci\u00f3n del proceso de Rendici\u00f3n de Cuentas y listado de los temas que entrego la ciudadan\u00eda a Rendir Cuentas<\/p>\n<p>&#8211; Informe narrativo presentado a la ciudadan\u00eda en el cual se respondi\u00f3 las demandas de la ciudadan\u00eda<br \/>\n<a href=\"https:\/\/gadprcuyuja.gob.ec\/napo\/wp-content\/uploads\/2024\/07\/INFORME-NARRATIVO.pdf\">INFORME NARRATIVO<\/a><br \/>\n&#8211; Entrega del informe de Rendici\u00f3n de Cuentas a la comunidad<br \/>\n<a href=\"https:\/\/gadprcuyuja.gob.ec\/napo\/wp-content\/uploads\/2024\/07\/Entrega-del-informe-de-Rendicion-de-Cuentas-a-la-comunidad.pdf\">Entrega del informe de Rendici\u00f3n de Cuentas a la comunidad<\/a><br \/>\n&#8211; Convocatorias para la deliberaci\u00f3n publica de rendici\u00f3n de cuentas<br \/>\n<a href=\"https:\/\/gadprcuyuja.gob.ec\/napo\/wp-content\/uploads\/2024\/07\/Invitacion-deliberacion-publica-de-la-rendicion-de-cuentas-2023.pdf\">Invitacion deliberacion publica de la rendicion de cuentas 2023<\/a><br \/>\n&#8211; Asistencia de la ciudadan\u00eda a la deliberaci\u00f3n p\u00fablica de rendici\u00f3n de cuentas 2023<br \/>\n<a href=\"https:\/\/gadprcuyuja.gob.ec\/napo\/wp-content\/uploads\/2024\/07\/Asistencia-de-la-ciudadania-a-la-deliberacion-publica.pdf\">Asistencia de la ciudadan\u00eda a la deliberaci\u00f3n p\u00fablica<\/a><br \/>\n&#8211; Informe de Rendici\u00f3n de Cuentas 2023<br \/>\n<a href=\"https:\/\/gadprcuyuja.gob.ec\/napo\/wp-content\/uploads\/2024\/07\/INFORME-DE-RENDICION-DE-CUENTAS.pptx\">INFORME DE RENDICION DE CUENTAS<\/a><br \/>\n&#8211; Video de Deliberaci\u00f3n P\u00fablica de la Rendici\u00f3n de Cuentas 2023<br \/>\n<a href=\"https:\/\/www.facebook.com\/100009817180007\/videos\/395423846831498\" rel=\"noopener\" target=\"_blank\">Deliberaci\u00f3n P\u00fabica de la rendici\u00f3n de cuentas 2023<\/a><br \/>\n&#8211; Formulario de Rendici\u00f3n de Cuentas de la instituci\u00f3n<br \/>\n<a href=\"https:\/\/gadprcuyuja.gob.ec\/napo\/wp-content\/uploads\/2024\/07\/ReporteInformeGad.pdf\">ReporteInformeGad<\/a><br \/>\n&#8211; Formulario de Rendici\u00f3n de Cuentas Presidenta &#8211; Ing. Luz Lugua\u00f1a<br \/>\n<a href=\"https:\/\/gadprcuyuja.gob.ec\/napo\/wp-content\/uploads\/2024\/07\/Reporte-Ing-Luz-Luguana.pdf\">Reporte &#8211; Ing Luz Lugua\u00f1a<\/a><br \/>\n&#8211; Formulario de Rendici\u00f3n de Cuentas Vicepresidente &#8211; Sr. Wilmer Urcuango<br \/>\n<a href=\"https:\/\/gadprcuyuja.gob.ec\/napo\/wp-content\/uploads\/2024\/07\/Reporte-Sr.-Wilmer-Urcuango.pdf\">Reporte &#8211; Sr. Wilmer Urcuango<\/a><br \/>\n&#8211; Formulario de Rendici\u00f3n de Cuentas Primer Vocal &#8211; Sra. Melba Urcuango<br \/>\n<a href=\"https:\/\/gadprcuyuja.gob.ec\/napo\/wp-content\/uploads\/2024\/07\/Reporte-Sra.-Melba-Urcuango.pdf\">Reporte &#8211; Sra. Melba Urcuango<\/a><br \/>\n&#8211; Formulario de Rendici\u00f3n de Cuentas Segunda Vocal &#8211; Sr. Galo Serrano<\/p>\n<p>&#8211; Formulario de Rendici\u00f3n de Cuentas Tercer Vocal &#8211; Srta. Mar\u00eda Cumbal<br \/>\n<a href=\"https:\/\/gadprcuyuja.gob.ec\/napo\/wp-content\/uploads\/2024\/07\/Reporte-Srta.-Maria-Cumbal.pdf\">Reporte &#8211; Srta. Maria Cumbal<\/a><\/p>\n","protected":false},"excerpt":{"rendered":"<p>1.- DOCUMENTACION PRESUPUESTO 2023 POA 2023 PLAN DE TRABAJO ACTUALIZACI\u00d3N-PDOT-CUYUJA-2019-2023 2.- PROCESO DE RENDICION DE CUENTAS 2023 &#8211; Invitaci\u00f3n a la asamblea local a una reuni\u00f3n de trabajo &#8211; Delegaci\u00f3n de equipo t\u00e9cnico para la realizaci\u00f3n del proceso de Rendici\u00f3n de Cuentas y listado de los temas que entrego la ciudadan\u00eda a Rendir Cuentas &#8211; [&hellip;]<\/p>\n","protected":false},"author":8,"featured_media":0,"parent":0,"menu_order":0,"comment_status":"closed","ping_status":"closed","template":"","meta":{"footnotes":""},"class_list":["post-1018","page","type-page","status-publish","hentry"],"yoast_head":"<!-- This site is optimized with the Yoast SEO plugin v27.2 - https:\/\/yoast.com\/product\/yoast-seo-wordpress\/ -->\n<title>Rendici\u00f3n de Cuentas 2023 - GAD parroquial Cuyuja<\/title>\n<meta name=\"robots\" content=\"index, follow, max-snippet:-1, max-image-preview:large, max-video-preview:-1\" \/>\n<link rel=\"canonical\" href=\"https:\/\/gadprcuyuja.gob.ec\/napo\/rendicion-de-cuentas-2023\/\" \/>\n<meta property=\"og:locale\" content=\"es_ES\" \/>\n<meta property=\"og:type\" content=\"article\" \/>\n<meta property=\"og:title\" content=\"Rendici\u00f3n de Cuentas 2023 - GAD parroquial Cuyuja\" \/>\n<meta property=\"og:description\" content=\"1.- DOCUMENTACION PRESUPUESTO 2023 POA 2023 PLAN DE TRABAJO ACTUALIZACI\u00d3N-PDOT-CUYUJA-2019-2023 2.- PROCESO DE RENDICION DE CUENTAS 2023 &#8211; Invitaci\u00f3n a la asamblea local a una reuni\u00f3n de trabajo &#8211; Delegaci\u00f3n de equipo t\u00e9cnico para la realizaci\u00f3n del proceso de Rendici\u00f3n de Cuentas y listado de los temas que entrego la ciudadan\u00eda a Rendir Cuentas &#8211; [&hellip;]\" \/>\n<meta property=\"og:url\" content=\"https:\/\/gadprcuyuja.gob.ec\/napo\/rendicion-de-cuentas-2023\/\" \/>\n<meta property=\"og:site_name\" content=\"GAD parroquial Cuyuja\" \/>\n<meta property=\"article:modified_time\" content=\"2024-07-12T20:16:27+00:00\" \/>\n<meta name=\"twitter:card\" content=\"summary_large_image\" \/>\n<meta name=\"twitter:label1\" content=\"Tiempo de lectura\" \/>\n\t<meta name=\"twitter:data1\" content=\"2 minutos\" \/>\n<script type=\"application\/ld+json\" class=\"yoast-schema-graph\">{\"@context\":\"https:\/\/schema.org\",\"@graph\":[{\"@type\":\"WebPage\",\"@id\":\"https:\/\/gadprcuyuja.gob.ec\/napo\/rendicion-de-cuentas-2023\/\",\"url\":\"https:\/\/gadprcuyuja.gob.ec\/napo\/rendicion-de-cuentas-2023\/\",\"name\":\"Rendici\u00f3n de Cuentas 2023 - GAD parroquial Cuyuja\",\"isPartOf\":{\"@id\":\"https:\/\/gadprcuyuja.gob.ec\/napo\/#website\"},\"datePublished\":\"2023-01-02T16:58:49+00:00\",\"dateModified\":\"2024-07-12T20:16:27+00:00\",\"breadcrumb\":{\"@id\":\"https:\/\/gadprcuyuja.gob.ec\/napo\/rendicion-de-cuentas-2023\/#breadcrumb\"},\"inLanguage\":\"es\",\"potentialAction\":[{\"@type\":\"ReadAction\",\"target\":[\"https:\/\/gadprcuyuja.gob.ec\/napo\/rendicion-de-cuentas-2023\/\"]}]},{\"@type\":\"BreadcrumbList\",\"@id\":\"https:\/\/gadprcuyuja.gob.ec\/napo\/rendicion-de-cuentas-2023\/#breadcrumb\",\"itemListElement\":[{\"@type\":\"ListItem\",\"position\":1,\"name\":\"Portada\",\"item\":\"https:\/\/gadprcuyuja.gob.ec\/napo\/\"},{\"@type\":\"ListItem\",\"position\":2,\"name\":\"Rendici\u00f3n de Cuentas 2023\"}]},{\"@type\":\"WebSite\",\"@id\":\"https:\/\/gadprcuyuja.gob.ec\/napo\/#website\",\"url\":\"https:\/\/gadprcuyuja.gob.ec\/napo\/\",\"name\":\"GAD Parroquial de Cuyuja\",\"description\":\"Sitio Oficial del GAD Parroquial Cuyuja Napo\",\"publisher\":{\"@id\":\"https:\/\/gadprcuyuja.gob.ec\/napo\/#organization\"},\"potentialAction\":[{\"@type\":\"SearchAction\",\"target\":{\"@type\":\"EntryPoint\",\"urlTemplate\":\"https:\/\/gadprcuyuja.gob.ec\/napo\/?s={search_term_string}\"},\"query-input\":{\"@type\":\"PropertyValueSpecification\",\"valueRequired\":true,\"valueName\":\"search_term_string\"}}],\"inLanguage\":\"es\"},{\"@type\":\"Organization\",\"@id\":\"https:\/\/gadprcuyuja.gob.ec\/napo\/#organization\",\"name\":\"GAD Parroquial de Cuyuja\",\"url\":\"https:\/\/gadprcuyuja.gob.ec\/napo\/\",\"logo\":{\"@type\":\"ImageObject\",\"inLanguage\":\"es\",\"@id\":\"https:\/\/gadprcuyuja.gob.ec\/napo\/#\/schema\/logo\/image\/\",\"url\":\"https:\/\/gadprcuyuja.gob.ec\/napo\/wp-content\/uploads\/2020\/06\/thumbnail-550x676-1.png\",\"contentUrl\":\"https:\/\/gadprcuyuja.gob.ec\/napo\/wp-content\/uploads\/2020\/06\/thumbnail-550x676-1.png\",\"width\":550,\"height\":676,\"caption\":\"GAD Parroquial de Cuyuja\"},\"image\":{\"@id\":\"https:\/\/gadprcuyuja.gob.ec\/napo\/#\/schema\/logo\/image\/\"}}]}<\/script>\n<!-- \/ Yoast SEO plugin. -->","yoast_head_json":{"title":"Rendici\u00f3n de Cuentas 2023 - GAD parroquial Cuyuja","robots":{"index":"index","follow":"follow","max-snippet":"max-snippet:-1","max-image-preview":"max-image-preview:large","max-video-preview":"max-video-preview:-1"},"canonical":"https:\/\/gadprcuyuja.gob.ec\/napo\/rendicion-de-cuentas-2023\/","og_locale":"es_ES","og_type":"article","og_title":"Rendici\u00f3n de Cuentas 2023 - GAD parroquial Cuyuja","og_description":"1.- DOCUMENTACION PRESUPUESTO 2023 POA 2023 PLAN DE TRABAJO ACTUALIZACI\u00d3N-PDOT-CUYUJA-2019-2023 2.- PROCESO DE RENDICION DE CUENTAS 2023 &#8211; Invitaci\u00f3n a la asamblea local a una reuni\u00f3n de trabajo &#8211; Delegaci\u00f3n de equipo t\u00e9cnico para la realizaci\u00f3n del proceso de Rendici\u00f3n de Cuentas y listado de los temas que entrego la ciudadan\u00eda a Rendir Cuentas &#8211; [&hellip;]","og_url":"https:\/\/gadprcuyuja.gob.ec\/napo\/rendicion-de-cuentas-2023\/","og_site_name":"GAD parroquial Cuyuja","article_modified_time":"2024-07-12T20:16:27+00:00","twitter_card":"summary_large_image","twitter_misc":{"Tiempo de lectura":"2 minutos"},"schema":{"@context":"https:\/\/schema.org","@graph":[{"@type":"WebPage","@id":"https:\/\/gadprcuyuja.gob.ec\/napo\/rendicion-de-cuentas-2023\/","url":"https:\/\/gadprcuyuja.gob.ec\/napo\/rendicion-de-cuentas-2023\/","name":"Rendici\u00f3n de Cuentas 2023 - GAD parroquial Cuyuja","isPartOf":{"@id":"https:\/\/gadprcuyuja.gob.ec\/napo\/#website"},"datePublished":"2023-01-02T16:58:49+00:00","dateModified":"2024-07-12T20:16:27+00:00","breadcrumb":{"@id":"https:\/\/gadprcuyuja.gob.ec\/napo\/rendicion-de-cuentas-2023\/#breadcrumb"},"inLanguage":"es","potentialAction":[{"@type":"ReadAction","target":["https:\/\/gadprcuyuja.gob.ec\/napo\/rendicion-de-cuentas-2023\/"]}]},{"@type":"BreadcrumbList","@id":"https:\/\/gadprcuyuja.gob.ec\/napo\/rendicion-de-cuentas-2023\/#breadcrumb","itemListElement":[{"@type":"ListItem","position":1,"name":"Portada","item":"https:\/\/gadprcuyuja.gob.ec\/napo\/"},{"@type":"ListItem","position":2,"name":"Rendici\u00f3n de Cuentas 2023"}]},{"@type":"WebSite","@id":"https:\/\/gadprcuyuja.gob.ec\/napo\/#website","url":"https:\/\/gadprcuyuja.gob.ec\/napo\/","name":"GAD Parroquial de Cuyuja","description":"Sitio Oficial del GAD Parroquial Cuyuja Napo","publisher":{"@id":"https:\/\/gadprcuyuja.gob.ec\/napo\/#organization"},"potentialAction":[{"@type":"SearchAction","target":{"@type":"EntryPoint","urlTemplate":"https:\/\/gadprcuyuja.gob.ec\/napo\/?s={search_term_string}"},"query-input":{"@type":"PropertyValueSpecification","valueRequired":true,"valueName":"search_term_string"}}],"inLanguage":"es"},{"@type":"Organization","@id":"https:\/\/gadprcuyuja.gob.ec\/napo\/#organization","name":"GAD Parroquial de Cuyuja","url":"https:\/\/gadprcuyuja.gob.ec\/napo\/","logo":{"@type":"ImageObject","inLanguage":"es","@id":"https:\/\/gadprcuyuja.gob.ec\/napo\/#\/schema\/logo\/image\/","url":"https:\/\/gadprcuyuja.gob.ec\/napo\/wp-content\/uploads\/2020\/06\/thumbnail-550x676-1.png","contentUrl":"https:\/\/gadprcuyuja.gob.ec\/napo\/wp-content\/uploads\/2020\/06\/thumbnail-550x676-1.png","width":550,"height":676,"caption":"GAD Parroquial de Cuyuja"},"image":{"@id":"https:\/\/gadprcuyuja.gob.ec\/napo\/#\/schema\/logo\/image\/"}}]}},"_links":{"self":[{"href":"https:\/\/gadprcuyuja.gob.ec\/napo\/wp-json\/wp\/v2\/pages\/1018","targetHints":{"allow":["GET"]}}],"collection":[{"href":"https:\/\/gadprcuyuja.gob.ec\/napo\/wp-json\/wp\/v2\/pages"}],"about":[{"href":"https:\/\/gadprcuyuja.gob.ec\/napo\/wp-json\/wp\/v2\/types\/page"}],"author":[{"embeddable":true,"href":"https:\/\/gadprcuyuja.gob.ec\/napo\/wp-json\/wp\/v2\/users\/8"}],"replies":[{"embeddable":true,"href":"https:\/\/gadprcuyuja.gob.ec\/napo\/wp-json\/wp\/v2\/comments?post=1018"}],"version-history":[{"count":11,"href":"https:\/\/gadprcuyuja.gob.ec\/napo\/wp-json\/wp\/v2\/pages\/1018\/revisions"}],"predecessor-version":[{"id":1101,"href":"https:\/\/gadprcuyuja.gob.ec\/napo\/wp-json\/wp\/v2\/pages\/1018\/revisions\/1101"}],"wp:attachment":[{"href":"https:\/\/gadprcuyuja.gob.ec\/napo\/wp-json\/wp\/v2\/media?parent=1018"}],"curies":[{"name":"wp","href":"https:\/\/api.w.org\/{rel}","templated":true}]}}